hat is w(-17)?
-6
Let w(d) = -3288*d + 6569. Determine w(2).
-7
Let h(j) = -j**3 - 22*j**2 + j - 16. Give h(-22).
-38
Let j(v) = -931*v + 3707. Calculate j(4).
-17
Let c(v) = -v**3 - 16*v**2 - 49*v - 11. Calculate c(-4).
-7
Let f(i) = -6*i**2 + 75*i + 40. Give f(12).
76
Let c(f) = -2*f**2 - 208*f + 2107. Determine c(10).
-173
Let q(g) = g**2 - 10*g + 23. Calculate q(25).
398
Let x(g) = -g**3 + 7*g**2 + 59*g + 1. Calculate x(12).
-11
Let d(k) = k**3 - 12*k**2 + 52*k - 439. What is d(11)?
12
Let f(v) = 27*v + 657. Calculate f(-22).
63
Let m(y) = -y**3 + 28*y**2 - 63*y + 45. What is m(26)?
-241
Let o(n) = n**2 - 24*n + 148. Give o(12).
4
Let x(a) = -78*a - 1116. Give x(-14).
-24
Let j(b) = -4*b**3 + b**2 + 21*b - 36. Give j(2).
-22
Let r(d) = -4*d**2 - 744*d + 2275. What is r(-189)?
7
Let c(l) = 4*l**3 + 34*l**2 - 12*l - 234. Calculate c(-8).
-10
Let p(n) = -608*n - 24388. Calculate p(-40).
-68
Let a(w) = -w**3 - 57*w**2 - 111*w + 104. Calculate a(-55).
159
Let n(v) = 5*v**2 - 94*v + 187. Calculate n(17).
34
Let a(u) = -33*u**3 + 3*u**2 + 10*u - 2. Determine a(1).
-22
Let z(f) = -f**2 - 66*f - 807. Calculate z(-24).
201
Let m(p) = 186*p - 16971. Calculate m(91).
-45
Let v(p) = -3*p**2 + 51*p + 16. Give v(5).
196
Let u(k) = -21*k + 70. What is u(3)?
7
Let p(l) = 5*l + 16. What is p(-8)?
-24
Let f(w) = -162*w - 374. Calculate f(-5).
436
Let k(y) = -4*y**2 + 22*y + 14. What is k(15)?
-556
Let u(r) = -34*r**3 - 238*r**2 - 2*r - 27. Give u(-7).
-13
Let u(o) = 524*o - 3117. Determine u(6).
27
Let f(a) = -a**2 + 10*a - 53. Calculate f(5).
-28
Let p(r) = 22*r + 42. Give p(-2).
-2
Let b(z) = z**3 + 36*z**2 - 118*z - 32. What is b(-39)?
7
Let d(r) = -2*r**3 - 13*r**2 + 389*r - 13. Give d(11).
31
Let l(s) = 3*s**3 + 58*s**2 + 197*s - 25. Calculate l(-15).
-55
Let m(h) = 4*h**2 - 138*h - 966. Give m(-7).
196
Let q(n) = n**2 + 80*n - 160. Determine q(-85).
265
Let h(l) = 39*l**2 - 319*l + 6. What is h(8)?
-50
Let g(w) = w**3 - 15*w**2 - 10*w + 335. Determine g(14).
-1
Let l(y) = 20*y**2 - 159*y - 1. Calculate l(8).
7
Let f(b) = b**3 + 12*b**2 + 10*b - 60. What is f(-12)?
-180
Let a(n) = -29*n - 896. Calculate a(-31).
3
Let p(y) = -y**2 + 4*y - 2. Give p(1).
1
Let f(g) = -g**2 + 201*g - 10017. Give f(91).
-7
Let l(x) = 3426*x + 23986. What is l(-7)?
4
Let p(u) = -45*u**2 + 2*u - 7. Give p(2).
-183
Let y(d) = -305*d + 19226. Determine y(63).
11
Let r(u) = u**3 + 6*u**2 - 19*u - 15. Give r(-8).
9
Let k(g) = -2*g**3 + 182*g**2 + 553*g + 18. Calculate k(-3).
51
Let t(w) = -20*w + 1443. Give t(71).
23
Let c(o) = -27*o - 734. What is c(-24)?
-86
Let p(z) = -z**3 - 49*z**2 - 102*z - 379. Calculate p(-47).
-3
Let v(h) = -2*h**3 + 30*h**2 + 35*h - 12. Give v(16).
36
Let v(y) = -y**3 - 4*y**2 - 22*y + 77. Give v(3).
-52
Let t(o) = -o**3 - 19*o**2 - 16*o + 27. Give t(-18).
-9
Let m(j) = -j**2 - 364*j + 1839. Determine m(5).
-6
Let m(z) = -6*z**2 + 25*z + 429. Give m(11).
-22
Let p(q) = 104*q - 107. Calculate p(2).
101
Let f(p) = -p**3 - 14*p**2 - 13*p - 32. Determine f(-13).
-32
Let f(d) = 145*d + 1292. Give f(-9).
-13
Let x(c) = 2*c**2 - 148*c + 290. Give x(72).
2
Let w(c) = -c**3 + 7*c**2 + 102*c - 662. What is w(6)?
-14
Let j(c) = -3*c - 64. Calculate j(-41).
59
Let m(a) = 11*a**3 + 5*a**2 - 42*a + 48. Give m(3).
264
Let l(c) = -c**3 + 34*c**2 + 81*c - 70. Determine l(36).
254
Let w(g) = g**3 + 21*g**2 - 28*g - 292. Give w(-9).
932
Let w(m) = -110*m + 4813. Give w(44).
-27
Let j(z) = -18*z**3 + 32*z**2 + 20*z - 12. Determine j(-1).
18
Let v(u) = -u**3 + 175*u**2 + 2040*u + 15. Calculate v(-11).
81
Let u(m) = 3*m**3 - 107*m**2 + 266*m - 40. Give u(33).
26
Let w(i) = 18*i - 1620. Calculate w(76).
-252
Let i(c) = 2*c**2 + 40*c + 189. Determine i(-14).
21
Let w(m) = m**2 - 15*m + 12. What is w(3)?
-24
Let z(k) = k**3 - 17*k**2 + 15*k - 19. What is z(16)?
-35
Let i(f) = f**2 + 177*f + 1326. Give i(-169).
-26
Let x(a) = -18*a - 92. Determine x(-7).
34
Let l(v) = 4*v**2 - 42*v + 2. What is l(10)?
-18
Let x(q) = -q + 86. Calculate x(-5).
91
Let r(d) = 2*d**2 + 5690*d - 22767. Calculate r(4).
25
Let x(o) = 738*o - 2214. Calculate x(3).
0
Let t(c) = c**2 + 30*c + 166. What is t(-20)?
-34
Let f(t) = 132*t + 3808. Determine f(-29).
-20
Let f(c) = -412*c - 7606. Give f(-19).
222
Let b(w) = 815*w + 6531. Determine b(-8).
11
Let j(s) = -2*s**3 + 26*s**2 + 595*s + 26. Calculate j(-12).
86
Let o(z) = 164*z - 3. Give o(0).
-3
Let q(c) = -73*c - 448. Calculate q(-6).
-10
Let m(p) = -p**3 - 4*p**2 + 13*p - 6. Give m(-6).
-12
Let s(v) = -3*v**2 + 74*v - 46. Determine s(23).
69
Let k(g) = -2*g**3 - 208*g**2 - 209*g - 277. Give k(-103).
32
Let v(o) = -o**2 - 59*o - 540. Calculate v(-14).
90
Let t(w) = -8*w**2 - 2*w + 7. Determine t(5).
-203
Let d(h) = -h**2 + 828*h - 2482. Give d(3).
-7
Let o(d) = -101*d - 370. Calculate o(-7).
337
Let b(h) = -423*h + 55833. Calculate b(132).
-3
Let p(j) = 5*j**2 - 74*j + 19. Give p(20).
539
Let z(k) = k**3 + 36*k**2 + 69*k - 177. Determine z(-34).
-211
Let t(j) = 12*j + 105. Calculate t(-18).
-111
Let d(w) = -3*w**2 - 333*w + 659. What is d(2)?
-19
Let y(u) = -4*u + 249. Determine y(13).
197
Let r(q) = -144*q - 11095. Give r(-77).
-7
Let m(l) = 100*l - 500. Calculate m(5).
0
Let a(v) = v**2 + 28*v - 628. Determine a(-42).
-40
Let j(a) = -4*a + 80. Calculate j(46).
-104
Let h(x) = -x**3 - 22*x**2 - 3*x - 58. Calculate h(-22).
8
Let o(a) = -a**3 + 17*a**2 + 54*a - 11. What is o(-3)?
7
Let x(y) = y**2 - 27*y + 51. Calculate x(2).
1
Let z(s) = 40*s - 247. Give z(7).
33
Let k(l) = -10*l**3 + 181*l**2 - 19*l + 8. Calculate k(18).
-10
Let l(z) = -17354*z - 69437. Determine l(-4).
-21
Let n(x) = -12*x - 32. Give n(-10).
88
Let m(i) = -i**3 + 10*i**2 - 28*i + 201. Give m(10).
-79
Let v(o) = -2*o**2 + 24*o + 19. Calculate v(14).
-37
Let l(j) = 3*j**2 + 110*j - 4711. Give l(-62).
1
Let y(o) = o**3 + 10*o**2 - 24*o - 249. What is y(-10)?
-9
Let v(x) = x**3 + 123*x**2 + 1889*x - 109. Give v(-105).
-4
Let b(v) = -103*v + 320. Calculate b(3).
11
Let d(c) = -2*c - 170. Determine d(70).
-310
Let o(h) = h**3 + 40*h**2 - 89*h + 46. Determine o(-42).
256
Let m(t) = 6*t**3 - 163*t**2 + 25*t + 144. Determine m(27).
90
Let q(b) = 57*b**2 + 1498*b + 39. Determine q(-26).
-377
Let z(b) = 7*b**2 - 14*b + 40. Calculate z(9).
481
Let w(c) = c**3 - 90*c**2 + 76*c + 1173. What is w(89)?
16
Let f(h) = -2*h**3 - 10*h**2 + 7*h + 12. Give f(-6).
42
Let s(t) = t**3 - 58*t**2 + 127*t + 2111. Determine s(55).
21
Let m(v) = -8*v - 86. Give m(-3).
-62
Let c(m) = -m**2 + 7953*m + 119525. Calculate c(-15).
5
Let i(k) = -3*k**2 + 71*k + 574. What is i(30)?
4
Let h(t) = -2*t**2 + 92*t + 1988. Determine h(-16).
4
Let n(i) = -2*i**2 - 49*i - 27. Give n(-27).
-162
Let g(r) = 4*r**2 - 50*r - 66. Calculate g(11).
-132
Let k(y) = -11*y - 125. What is k(-25)?
150
Let p(g) = -2857*g + 34286. Determine p(12).
2
Let c(k) = 31*k + 1139. Determine c(-39).
-70
Let r(s) = -12*s**3 - 7*s**2 - s + 4. Calculate r(-3).
268
Let j(a) = -a**3 + 102*a**2 + 540*a - 538. Give j(107).
-3
Let u(k) = -359*k**3 - 5*k**2 - k + 3. Calculate u(-1).
358
Let h(p) = 3*p**2 + 54*p + 190. Give h(-8).
-50
Let h(d) = -44*d - 1453. Give h(-33).
-1
Let v(k) = -2*k**3 + 15*k**2 + 9*k + 181. Determine v(9).
19
Let x(m) = m**3 - 10*m**2 + m + 63. Determine x(6).
-75
Let j(b) = -2*b**3 + 36*b**2 + 40*b - 168. What is j(19)?
-130
Let c(q) = -7000*q + 28006. Calculate c(4).
6
Let g(r) = -2*r**2 + 50*r - 197. Give g(20).
3
Let r(y) = -5*y**2 + 27*y + 21. Calculate r(6).
3
Let o(b) = 203*b - 1025. Determine o(5).
-10
Let k(t) = -6*t**3 + 3*t**2 - 9*t + 19. Determine k(3).
-143
Let m(p) = 276*p + 22. Determine m(0).
22
Let v(h) = -3042*h - 6081. Calculate v(-2).
3
Let m(b) = -b**3 - 13*b**2 + 231*b - 6. What is m(10)?
4
Let p(i) = -i**2 + 27*i + 978. Calculate p(-20).
38
Let a(t) = -2*t**2 - 88*t + 1058. What is a(10)?
-22
Let i(p) = p**3 + 59*p**2 + 150*p + 1994. What is i(-57)?
-58
Let s(c) = c**2 + 119*c - 20339. Calculate s(95).
-9
Let v(h) = -1452*h - 91483. What is v(-63)?
-7
Let m(y) = 32*y - 134. Give m(6).
58
Let x(h) = -6*h**2 + 28*h - 19. Give x(2).
13
Let y(z) = z**3 + 11*z**2 - 524*z + 27. Determine y(18).
-9
Let b(f) = -f**2 + 27*f - 153. Determine b(21).
-27
Let z(m) = 168*m - 5. Give z(0).
-5
Let q(z) = 8*z**3 + 807*z**2 - 97